17. Let w = n + z. What is the tens digit of w?
1
Let i be 1/(-3 - (-381)/126). What is the tens digit of i - ((-3)/(-1) - 0)?
3
Let k be 8/(-4) + (0 - 12). Let d = k - -22. What is the units digit of d?
8
Suppose -226 = -3*l + 632. What is the units digit of l?
6
Suppose -2*k + 6*k = 0. Let c(s) = s**2 + s + 5. What is the units digit of c(k)?
5
Let a = 59 - 31. What is the tens digit of a?
2
Let x be (-3)/(-6) + 127/2. Suppose f = -f + x. What is the units digit of f?
2
What is the units digit of (3 - -44) + -1 - 2?
4
Suppose 4*t + 0 - 4 = 0. Let g = 23 - t. What is the tens digit of g?
2
What is the units digit of (-306)/12*28/(-6)?
9
Let j(h) = h**3 + 13*h**2 + 11*h - 10. Let o be j(-12). What is the tens digit of (-2)/4 + 31/o?
1
Suppose 0*q + q = 0. Suppose 3*w + 0 - 12 = q. Suppose 3*z = -4*l + l + 18, 39 = w*z - l. What is the units digit of z?
9
Let y(p) = -p**3 + p**2 - p + 2. Let m be 2/5 + (-6)/15. What is the units digit of y(m)?
2
Let w(u) = -16*u**3 + 2*u**2 + 2*u + 1. Let h be w(-1). Suppose 0 = -2*j + h + 37. What is the tens digit of j?
2
What is the units digit of 4*1/4 - -3?
4
Let d(j) = -93*j + 29. What is the hundreds digit of d(-2)?
2
Suppose 2*d + 17 = 5*r, -2 = 2*d - 10. Suppose -r*c = 2*s - 20 - 14, -26 = -s + 2*c. What is the tens digit of s?
2
Let b(y) = -y**2 - 4*y - 1. Let g be b(-3). Let k(i) = 2*i**2 - 2*i - 2. Let t be k(4). Suppose g*v - t = -6. What is the units digit of v?
8
Let t be -2*(2 - -6)/(-4). Let a(i) = 8*i - 8. What is the units digit of a(t)?
4
Suppose 0 = 4*z + n - 472, 0 = -5*z + 3*z + 4*n + 218. What is the tens digit of z?
1
Suppose -31 = r - 6*k + k, -5*r = -4*k + 113. Let z = r - -34. Suppose 2*w = d + 26, w - 2*d - z = -0*d. What is the units digit of w?
3
Let z(b) = b**2 - 17*b + 73. Let h be z(10). Let u be 30/(-4)*4/(-5). Suppose -h*q - 5*a = -68, -a + 16 = q - u*a. What is the tens digit of q?
2
What is the units digit of 6/10 - 9504/(-110)?
7
Let q(c) = c**2 + c + 3. Let g be q(-4). Suppose 3*w - 2*n = 16, -3*n - 14 = -w + 2*n. Suppose g + 9 = w*i. What is the units digit of i?
6
Let p(s) = 3*s. Let g be p(2). Let t = -2 - -1. What is the units digit of t/(-3) - (-4)/g?
1
Let k(y) = -y**2 - 4*y - 4. Let s = -7 - -2. Let j be k(s). What is the units digit of (-2)/j + 21/27?
1
Suppose -2*l = -3*r - l - 2, 4*r - l + 1 = 0. Let k(d) = -2 - 2 - 2 + r - 4*d. What is the tens digit of k(-4)?
1
Let f(q) be the second derivative of -2*q + 1/2*q**3 + 0 - q**2. What is the units digit of f(2)?
4
Suppose -2*b = -0*d - 5*d + 61, 6 = -2*b. What is the tens digit of d?
1
What is the tens digit of ((-39)/(-4) - 0)*(16 - 4)?
1
Suppose 0 - 15 = 3*j. Let s(a) = -a**3 - 4*a**2 + 4*a + 5. What is the tens digit of s(j)?
1
Let l = -47 + 125. What is the units digit of l?
8
Suppose -4 + 13 = -3*a. Let r = 4 + a. What is the tens digit of (r + 1)*(-55)/(-10)?
1
Let i = 7 + -3. Suppose -2*v = 3*d - 4, 0*v = i*d - v + 2. Suppose -n - 4*n + 20 = d. What is the units digit of n?
4
Let k be -2 - -2 - 7 - 3. Let t = -3 - k. What is the units digit of t?
7
Let p(d) = -d**2 + 5*d + 1. Let n be p(4). Suppose -3*z = f + 3, -n*f - 4 = -z + 27. What is the units digit of (-1 - 0)/(3/f)?
2
Let t be 1 - (2 - 0 - 4). Suppose -5*a + t*a + 1 = 3*p, 4*a + 2*p = 6. What is the units digit of 1/a + 33/6?
6
Let b(s) = -s**2 - 5 + 2*s**2 + 6*s + 8 + 4. Let x = 4 + -9. What is the units digit of b(x)?
2
Suppose 10*b - 5*b = 1055. What is the units digit of b?
1
Suppose -4*v - 2*a = -2*v - 58, -3*a + 139 = 5*v. Suppose 4*s + 26 = -3*l - 6, 4*l + v = -2*s. What is the units digit of ((-1)/1)/(l + 3)?
1
Let b = -84 + 128. What is the units digit of b?
4
Let q = -140 + 205. What is the units digit of q?
5
Suppose 8*s - 4*s - 23 = -3*o, -o + 2*s = -11. What is the tens digit of -1 + 1 + o + 2?
1
Suppose 55*w - 59*w + 528 = 0. What is the tens digit of w?
3
Suppose 0 = 4*p + 4*b - 384, 0*p = 4*p - 3*b - 370. What is the tens digit of p?
9
Let w(i) = i**3 + 5*i**2 - 5*i + 6. Let t = -14 + 8. Let r be w(t). Suppose r = 3*l - 0*l - 24. What is the units digit of l?
8
Let j = -5 + 29. Let l(z) = -z**2 + 11*z + 4. Let t be l(5). Let m = t - j. What is the tens digit of m?
1
Let s = 21 + -11. Suppose 0 = -5*h - 0*h + 30. Let t = s - h. What is the units digit of t?
4
Let w = -6 - -11. What is the units digit of w?
5
Let t be (-10)/8*(4 + 0). Let l be (-1)/t - (-27)/15. Let k = l - 0. What is the units digit of k?
2
Let f(u) = -15*u + 28. What is the units digit of f(-8)?
8
Let x(z) = z**2 + z + 2. Let y be x(0). Suppose -4*p + 8 = 4*u, -5 = -u + 3*p + 1. Suppose t - u*q - 24 = -y*t, 14 = t + 2*q. What is the units digit of t?
0
Let f = -14 + 75. What is the tens digit of f?
6
Suppose 8 = 2*l - 4*c, l + 3*c + 17 = -3*l. What is the units digit of l - -3 - -11 - 3?
9
Let k(v) = -v**2 + v + 52. Let j be k(0). Suppose 0 = -n - 5 + j. What is the units digit of n?
7
Suppose 0 = 3*a + 4*b - 84 - 31, 2*b + 58 = 2*a. Let p = -8 + a. Suppose -5*c + 4*r + p = 0, 0 = -c - 2*r - 2*r - 19. What is the units digit of c?
1
Suppose 2*y - 92 = -2*y. What is the tens digit of y?
2
Suppose 3*w = -0*w + 240. What is the units digit of w?
0
Let j(o) = 14*o + 49. What is the hundreds digit of j(9)?
1
What is the units digit of (-6)/9*(-75)/2?
5
Let o(d) = d**3 + 7*d**2 + 5*d - 4. Let v be o(-6). Let k = v + -1. What is the units digit of k?
1
Suppose 1 = 3*r - 2*i - 8, 3*i = 0. What is the units digit of -3 + 0 - (-24 - r)?
4
Let s(w) = -w**3 + 14*w**2 - 7*w + 4. Let y be s(13). Let l = y + -51. What is the units digit of l?
1
Suppose v + 2*g - 125 = 0, -2*v + 2*g - 116 = -396. What is the units digit of v?
5
Suppose o - q - 12 = 2*q, 27 = 4*o - 5*q. Let g = o - -6. What is the units digit of g?
9
Let g be (-1 - -1)*(-4)/(-8). What is the units digit of (-9)/(1 - (g + 2))?
9
Suppose -5*q + 12 = -q. Suppose -73 + 16 = -q*p. What is the units digit of p?
9
What is the units digit of 511/14 + (-9)/6?
5
Let y be ((-4)/(-6))/((-4)/(-30)). Let x be 2 + (-2 + y)/3. Suppose 0*j - 27 = -x*j. What is the units digit of j?
9
Let o(s) = -s**3 + 4*s**2 - s - 3. Let u be o(3). Suppose -3*v + 2 = -n, -2*v - 2*n + 3 = -9. What is the units digit of (v/u)/((-10)/(-135))?
9
Let x(o) = 0 - 2*o**2 + 4 - 5 + 3*o**2. What is the units digit of x(2)?
3
Let n(v) = -v**2 - 5*v - 2. Let s be n(-4). Suppose -s*h = -h - 2. What is the units digit of (-9)/h*8/(-12)?
3
Let k(d) = 21*d**2 + 2*d + 1. Let o be k(-1). Suppose 2*s - 5*t + 12 = 35, 0 = 5*s - 5*t - o. Let l = 7 - s. What is the units digit of l?
8
Suppose 13 = -2*x + 1. What is the units digit of x/((-20)/(-24) - 1)?
6
Let l(o) = o**2 + 5*o - 2. What is the hundreds digit of l(15)?
2
Let y = -10 - -12. Let b(f) = -f + 4. What is the units digit of b(y)?
2
Let o be (24/9*3)/(-1). Let h = -4 - o. Suppose p - 4*p + 4*x + 65 = 0, 75 = h*p - 3*x. What is the tens digit of p?
1
Let c = -3 - -13. Suppose -5*i = -c - 40. What is the units digit of i?
0
Let g be 2/(-7) + 176/28. Suppose -15 = -5*c - 2*m - m, 2*c + 5*m = g. What is the units digit of c?
3
Let c = 152 - 4. What is the tens digit of c?
4
Let u be 0*(-1 - 9/(-6)). Suppose -4*t - 2 - 8 = h, u = 3*h - 4*t - 2. What is the units digit of ((-4)/3)/(h/9)?
6
Suppose 5*x = -3*z + 166, 2*x = -x + 3*z + 114. Suppose x = -0*w + w. Suppose -4*o + w = o. What is the units digit of o?
7
Let p be ((-24)/9)/4*3. Let a = p + -6. What is the units digit of (-46)/a - (-2)/8?
6
Let j(m) = m - 1. Let y be j(2). Let l = 2 - y. What is the units digit of l?
1
Let q be (2/2)/((-1)/(-4)). Suppose -5*g - q*c + 73 = -38, -c - 70 = -3*g. What is the units digit of g?
3
What is the hundreds digit of (-12)/(-15) + 11448/40?
2
Let f(r) = -r**2 + 9*r - 16. What is the units digit of f(5)?
4
Suppose -88*f + 235 = -83*f. What is the units digit of f?
7
Let z(o) = 63*o**2 + 3*o - 1. What is the units digit of z(1)?
5
Let l be (20/(-6))/(6/27). What is the units digit of -3*(l/(-9) - 2)?
1
Suppose 0 = 5*k + o + 125, 0 = -5*k + 3*k + 4*o - 28. What is the units digit of 0 - (k/4 - -3)?
3
Let r(i) = i**2 - 10*i - 2. Let m be r(9). Let s = m + 25. What is the tens digit of s?
1
Let j(m) = 2*m**3 - m**2 + 2. Let t(k) = k - 3. Let c be t(5). Let n be j(c). What is the units digit of (-132)/(-28) + 4/n?
5
Let u(w) =